r of 621 and z?
23
Let x(r) = 2*r + 20. Let z be x(-4). Calculate the greatest common factor of z and 132.
12
Let m be 2/(-5)*25/(-10). Let y be (-8)/2*m*-6. Let l be (-27)/(0 - 4/y). What is the greatest common factor of l and 18?
18
Let b(m) = -4*m - 46. Let u be b(-13). Calculate the highest common factor of 3 and u.
3
Suppose -3 = -u - 1. Let k(x) = x + 4*x - x + 4 - u*x. Let t be k(3). Calculate the greatest common factor of 15 and t.
5
Let h be 636/3 + 4 - (-3 - 1). Suppose -11*z = -z - h. What is the highest common divisor of 242 and z?
22
Suppose 4*g = 29 + 63. Let q = g + -3. What is the highest common factor of 4 and q?
4
Suppose -5*k + 268 = 68. Calculate the greatest common divisor of k and 80.
40
Let y = 38 + -154. Let t = 16 - y. What is the highest common factor of t and 11?
11
Let r = -1541 + 1569. Calculate the highest common divisor of 175 and r.
7
Let x(a) = 19*a + 46. Let o be x(23). Calculate the highest common divisor of 23 and o.
23
Let b(t) = -10*t - 5. Let k be b(3). Let n = k - -39. Calculate the greatest common divisor of 16 and n.
4
Suppose -3*n + 65 = -70. Let t(w) = -1 - 14*w - 5*w + 0*w. Let d be t(-1). What is the highest common divisor of n and d?
9
Let g = -54 + 166. Calculate the greatest common factor of 32 and g.
16
Suppose -35*w = -448 + 133. What is the highest common divisor of 15 and w?
3
Let z = -12 + 16. Let y be ((-2156)/(-8))/7 + 2/z. What is the highest common factor of y and 3?
3
Let v = 208 + -195. Calculate the greatest common factor of 65 and v.
13
Let n be (67*1/(-2))/(23/(-138)). Suppose 4*f + a - 880 = 0, 4*f - n = 3*f - 5*a. What is the greatest common factor of f and 17?
17
Let r(v) = 44*v**2 - 5*v + 8. Let i be r(2). Calculate the greatest common divisor of 12 and i.
6
Suppose -3*v + 6*v - 15 = 0. Suppose -v*z - 76 = -7*z. Calculate the highest common divisor of z and 114.
38
Suppose -3*a + 233 = 4*z - 580, 5*a - 607 = -3*z. Calculate the greatest common factor of 12 and z.
12
Let h(k) = k**2 - 2*k - 8. Let x be h(6). Let d be ((21632/130)/32)/((-2)/(-40)). What is the greatest common divisor of d and x?
8
Let r(h) = 4*h - 2. Let n be r(3). Suppose -2*y = -7*y. Suppose -2*z + 3*q = 2*z - 148, y = -z - q + 44. What is the highest common divisor of z and n?
10
Suppose 527 = 5*w + 132. Let t = -60 + w. What is the highest common divisor of 57 and t?
19
Suppose -5*n = -285 - 180. Let w(p) = -p**3 + 5*p**2 + 3*p + 3. Let s be w(4). Calculate the greatest common factor of n and s.
31
Suppose 6 = 3*k - k. Let u = 77 + -59. Suppose -2*s + 4*h - k*h + u = 0, -s = 5*h - 20. Calculate the greatest common divisor of s and 50.
10
Let m be 2 - (-16)/(-6)*45/(-12). Suppose 5*f - 85 = -3*p, 2*p + 19 = 5*f + 84. Let l = 30 + p. What is the greatest common divisor of l and m?
12
Let g be (9/(-3) + -59)/2. Let x = g - -14. Let a = -11 - x. What is the highest common factor of 12 and a?
6
Suppose 0 = -18*p + 110 + 178. Suppose 2*z - 10 = 0, u + 37 = 4*z + 161. What is the highest common factor of u and p?
16
Let m(r) = r**2 + r + 82. Let u be m(0). Let t = 145 - u. What is the greatest common factor of 9 and t?
9
Let b(i) = i**3 + 78*i**2 + 746*i. Let u be b(-12). Calculate the greatest common divisor of u and 24.
24
Let w = -164 + 103. Let m = w - -71. Suppose j = -5*i + 25, 3*j = 4 + 11. What is the highest common divisor of i and m?
2
Let s = -4121 - -4144. Let q = -49 - -95. Calculate the highest common factor of s and q.
23
Let a(s) = s**3 - 11*s + 6. Let z be a(8). Let q = -150 + z. Suppose -6*f - q + 766 = 0. What is the highest common divisor of f and 27?
27
Let h = -19 - -24. Suppose -h*u + 24 = -u. Suppose -3*m + o = -273, -3*m + o = u*o - 273. What is the greatest common factor of 13 and m?
13
Let u be -2*(-4 + -5 + 5). Let h = -7 + 2. Let q(p) = 4*p**2 + 4*p - 8. Let o be q(h). Calculate the greatest common divisor of o and u.
8
Let t be 54/(-15)*(-160)/6. Calculate the greatest common factor of 384 and t.
96
Suppose w + 0*w = -3*v + 42, 0 = 4*w - 4*v - 232. Calculate the greatest common factor of w and 18.
18
Suppose -4*g + 20 = 0, -f + g + 7 = 1. Let w = f + -11. Suppose w*v + 100 = 4*v. What is the greatest common divisor of v and 175?
25
Let k be -8 + 11 + 4 - 3. Calculate the greatest common factor of 12 and k.
4
Let i(x) = x + 91. Let u(c) = c + 4. Let s be u(-4). Let g be i(s). Suppose -9*y + 1 + 116 = 0. Calculate the greatest common divisor of y and g.
13
Suppose 0*i - 5*m = 4*i - 33, 4*i = -4*m + 32. Suppose -2*a - i = -13. Calculate the highest common factor of a and 12.
3
Suppose -m + 52 = -5*r, -m = -r - 0*r - 56. Suppose -m = -7*t + 272. Suppose 4*j + t = 271. Calculate the highest common factor of 8 and j.
8
Let z = 1258 + -1164. Calculate the highest common divisor of 1363 and z.
47
Suppose 5*f = n + f + 11, -4*n - 44 = 4*f. Let t = 62 + n. Calculate the greatest common factor of 34 and t.
17
Let b = 156 - 87. Let j be (-7 - 3/3)*(1725/10)/(-15). What is the greatest common divisor of b and j?
23
Let y = 796 + -508. Calculate the greatest common factor of y and 8.
8
Suppose 46 = -0*q + 2*q. Let u be 62 - (-6)/2 - -4. What is the highest common divisor of q and u?
23
Let h = -28 - -32. Suppose 15 = h*w + w. Calculate the highest common divisor of 21 and w.
3
Suppose -22*p = -26*p + 5*l + 751, 5*l = -2*p + 383. What is the highest common factor of 483 and p?
21
Suppose 0 = 7*w - 3*w - 80. Let q be 21 - (-1 - (-2 + 0)). Calculate the highest common factor of w and q.
20
Suppose 5*d - 2 - 13 = 0. Let n(m) = 1 - 5*m**2 - m**d + 5 + m - 4. Let w be n(-6). What is the highest common divisor of 16 and w?
16
Suppose -2*c - 2*z = -0*c - 6, 16 = 5*c + 4*z. Let h be ((-16)/(-5))/(c/10). What is the highest common factor of 64 and h?
8
Let c be (-14 - 4)*13/(-2). Calculate the highest common divisor of 39 and c.
39
Let s be (-20)/(-8) + 3/2. Suppose s*v - 4*o - 143 = -3*o, v - 47 = 4*o. Calculate the greatest common divisor of 15 and v.
5
Let k = 9522 - 5913. Calculate the greatest common divisor of k and 9.
9
Let x = -8 - -10. Let k be 1/x + 159/6. What is the greatest common factor of 3 and k?
3
Let x = 1203 - 1167. Calculate the greatest common factor of x and 162.
18
Suppose 2*j + j - 6 = 0. Let w(i) = i + 2. Let k be w(j). Let t be (1/(-1))/((-1)/32). Calculate the highest common divisor of t and k.
4
Let s(i) = -2*i + 26. Let k be s(13). Suppose k = 3*b + 4*h - 30, 0 = -2*b - h + 4*h + 37. Calculate the highest common factor of b and 56.
14
Suppose 4*v + 3*l = 3*v - 12, -l - 17 = -4*v. Suppose v*o = 2*p - 65, -95 = -2*p - 2*o - o. Calculate the highest common factor of p and 40.
40
Let y be (-1 - (-46)/(-4))*-2. Let w = -494 - -619. Calculate the greatest common divisor of y and w.
25
Suppose -y - y = 0. Suppose 0 = -2*l + 8 - y. Suppose 0*w - 16 = -2*o - l*w, 3*o - 2*w - 64 = 0. Calculate the greatest common divisor of o and 9.
9
Suppose -305 + 20 = -5*a. Let d = 169 - a. Calculate the greatest common divisor of 16 and d.
16
Suppose -33*c = -32*c - 7. Calculate the greatest common factor of c and 343.
7
Suppose 9*o - 758 = 338 + 191. Suppose 4*t - 2*t - 26 = 0. Calculate the greatest common divisor of t and o.
13
Suppose -3*m + 5*c + 65 = 2*m, -3*m + c = -35. Suppose -m*n - 560 = -27*n. What is the greatest common factor of n and 140?
35
Let z be 40/4 - 2 - (-16 + 9). Suppose 0 = -2*s - 3*s + 5. Let q(m) = 75*m**3 - m**2 + 2*m - 1. Let d be q(s). Calculate the highest common divisor of z and d.
15
Let j(a) = -a**2 + 14*a - 13. Let g be j(8). Let q(p) = -6*p**3 + 2*p**2 - 1. Let k be q(-1). Calculate the greatest common divisor of g and k.
7
Suppose 9 = 2*x + 183. Let u = x + 47. Let v = 95 + u. Calculate the highest common factor of v and 11.
11
Let j(w) = 6*w**2 - 14*w + 4. Let b be j(4). Calculate the highest common factor of 14 and b.
2
Suppose 91 = -6*p + 253. What is the greatest common factor of 243 and p?
27
Let l be (-1)/(596/296 + -2). Suppose 60 = -11*w + 6*w. Let h be (2 + l)*8/w. What is the greatest common factor of 120 and h?
24
Let d = -23 - -26. Suppose -5*h + 1 = 5*s + 6, s = -d. Suppose 0 = -h*m - 7 + 17. What is the greatest common factor of m and 40?
5
Suppose -2*c = -5 + 3. Let y(j) = 2*j + 4. Let o be y(-5). Let m be c/(-6) + (-37)/o. Calculate the greatest co